3*o - 103 = w. Is m composite?
False
Suppose -50626 = -29*p + 32401. Is p a composite number?
True
Let l(t) = 254*t**3 - 2*t**2 + 2*t - 1. Let j = -17 + 20. Suppose 0*w + w - j*f - 16 = 0, -5*w - 15 = 4*f. Is l(w) composite?
True
Let b(m) = m**2 + 1. Suppose -4*j + 4 = -4*t, 2*j - 8 = 5*t - 0*j. Let y be b(t). Suppose y*l - 1291 = 2*r, 10 = -4*r - 2. Is l composite?
False
Suppose -5*g = 2*c + 17, 4*c = -g - 5 + 16. Suppose 2*q + 2*u + 4 = 112, 3*u + 216 = 4*q. Let r = g + q. Is r a prime number?
False
Suppose 4*n = 12 + 8. Suppose -2*l = -5*x + 782 - 131, -n*l + 141 = x. Is x composite?
False
Let t = 7 - 12. Let s be 430/(-4)*8/t. Suppose -2*x + 234 + s = 0. Is x a composite number?
True
Let q(d) = -d**2 + 6*d + 10. Let b(m) = -1. Let y(w) = 4*b(w) + q(w). Let t be y(6). Is (1 - (-3 + t))*-17 a prime number?
False
Let k be (-1 + 4 - -1) + (25 - -2522). Suppose -3*m = -4*f + 7192, 2*f = -4*m + 1023 + k. Is f a composite number?
True
Let m be (-12)/(-15)*(-5)/(-1). Suppose -m*q - 8*s = -4*s + 1436, -3*q - 2*s = 1073. Let n = 728 + q. Is n a composite number?
False
Suppose 5 = 5*o - 15. Suppose o*i - 8*i = -72. Is (662/(-4))/(i/(-36)) prime?
True
Let z = -47 - -47. Suppose z = -4*u + 681 + 2011. Is u prime?
True
Let b = 141019 - 80246. Is b prime?
True
Suppose 2*f - 3*d - 86 + 21 = 0, -f - 3*d + 46 = 0. Let n(r) = -r**3 + 10*r**2 - 8*r - 8. Let w be n(9). Let b = f + w. Is b a prime number?
False
Let n(l) = 5*l**2 + l - 2. Let r be n(1). Suppose 3*u + u = r. Is -131*(-8)/4 + u composite?
False
Suppose s - 110 = -1377. Let i = s - -1804. Is i a prime number?
False
Let l(k) = k**3 + 65*k**2 + 4*k + 387. Is l(-44) a composite number?
False
Let w be (-4)/10 + (-368)/(-20). Suppose 17*u - w*u = 232. Let v = u + 603. Is v composite?
True
Let s(w) = 12*w + 4. Let i be s(-2). Let n = 22 + i. Suppose n*h = -3*z + 5*h + 411, 0 = 3*z - 2*h - 416. Is z a composite number?
True
Let b(f) = 5*f**2 - 55*f + 417. Is b(37) composite?
False
Let p(g) = -326*g + 223. Is p(-6) a prime number?
True
Suppose 3*y + 56 + 40 = 0. Let i = y - -20. Let z = i + 26. Is z a prime number?
False
Let i(x) = -x + 6. Let l be 0 + 3 - (-3 + 6). Let f be i(l). Let d = f + 5. Is d composite?
False
Let a = 573 - -1114. Is a a prime number?
False
Let c(t) = -50*t**3 + 17*t**2 + 7*t - 43. Is c(-12) a composite number?
False
Let o(a) = -a**3 + 4 + 1 + 5*a - 5*a**2 - 13. Let n be o(-6). Is (-4235)/(-25) - n/(-5) a prime number?
False
Let t(p) = 22*p**3 - p + 1. Let r(m) = m**2 + 5*m - 4. Let b be r(-6). Let v be t(b). Suppose -3*a = -o + 2*a + 12, -5*o + 2*a + v = 0. Is o a composite number?
False
Suppose -5*c - 4*x = 49, 3*x = c - 3*c - 21. Let k = c - -10. Is 2 + (-2 - -103)/k a composite number?
False
Let v(b) be the second derivative of -22*b**5/5 + b**4/6 + b**3/6 - b. Suppose 0 = 5*u - j + 4, -5*u + 6*u + 4*j = -5. Is v(u) a prime number?
True
Let a = -19955 - -29442. Is a composite?
True
Suppose -3*u - y - 1491 = 0, -6*y + y = -2*u - 977. Let s = u + 865. Suppose 0 = 4*b + d - 363, 4*b - 5*d - s = -0*d. Is b a prime number?
False
Suppose -5 = -s, 9*s = -g + 5*s + 4747. Is g a prime number?
False
Suppose -5*l - 5*t = 5, -t - 13 = 2*l - 7*l. Suppose -4*x = 0, b - 1195 = 2*x + l*x. Is b a composite number?
True
Let z = 24 + -19. Suppose 4*s = z*a + 2203, 2*s - 3*a - 1129 = -6*a. Is s a composite number?
False
Suppose 4*n + 6 = -3*x, -x - 3*n - 10 = n. Suppose -3 = x*w - 3*w. Suppose -g - 4*c - 135 = -2*g, 0 = -w*g + 3*c + 423. Is g a prime number?
False
Let s(v) = -3*v**2 + 9*v + 4. Let p(u) be the second derivative of u**4/3 - 3*u**3/2 - 2*u**2 + 4*u. Let j(w) = -2*p(w) - 3*s(w). Is j(10) a composite number?
True
Let j(u) = 19646*u**3 + 4*u**2 + 3*u + 9. Let t(p) = -9823*p**3 - 2*p**2 - p - 4. Let o(l) = 3*j(l) + 7*t(l). Let m be o(1). Is (2/8)/((-8)/m) a prime number?
True
Let o = 21401 + -5980. Is o a prime number?
False
Let i = 221 - 102. Is (-542)/(-14) + 34/i composite?
True
Let z be (2/6 + 0)*0. Is -1*((-1252 - -1) + (2 - z)) a prime number?
True
Suppose -9*x = 2*x + 15675. Let z = 2108 + x. Is z composite?
False
Let u be (2 - 6*1/2)*-3. Let i be 1*0*(-3)/6. Suppose i*l - p = -2*l + 417, -l = u*p - 212. Is l a composite number?
True
Let p be 6/39 - 4256/(-52). Suppose 5*i - p - 243 = 0. Is i prime?
False
Suppose 0 = -63*t + 957422 + 131533. Is t a composite number?
True
Suppose 0 = -w - 0*w - 119. Let l = w - -49. Let f = -17 - l. Is f a composite number?
False
Suppose -5*c + 8*c = -2*k + 1, 5*k = -4*c + 13. Let m be 52/(1 - 3 - c). Suppose 0 = d - 2*n + 3*n - m, 2*d = 2*n + 92. Is d composite?
True
Suppose 2*m - 1343 - 7655 = 0. Is m a prime number?
False
Suppose -14*s + 835664 = -329766. Is s a composite number?
True
Let q = 6667 - 3634. Suppose l = -8*l + q. Is l composite?
False
Is 2242/12 + ((-76)/(-24))/19 a prime number?
False
Let a be 15/(-3)*(-28)/5. Suppose -2*k = 2*c, 2*k + k - 4*c = a. Suppose 12 = k*r - 0. Is r a composite number?
False
Let h = 32 + 172. Let y = 293 + h. Is y a prime number?
False
Is 24/(-132) - 1158/(-66)*169 a composite number?
True
Let q = 19508 - 13907. Is q composite?
True
Let s = 15115 + 20792. Is s a prime number?
False
Suppose 0 = 4*y - 6*y + 4. Is (-1 - (y + -6)) + 884 prime?
True
Let m(l) = 2*l - 7. Let x(r) = -2*r + 6. Let k(w) = -5*m(w) - 4*x(w). Let o be k(5). Is -2 + o + 2 - -52 a composite number?
False
Let u(a) = -3*a - 10. Let m be u(-8). Let z be ((-8)/m)/((-8)/28). Suppose z*t + i = -i + 60, -2*t + 58 = 4*i. Is t a prime number?
True
Suppose -36*j = -37*j. Suppose -6*u - u + 11053 = j. Is u a composite number?
False
Suppose -3*h = 616 + 128. Suppose -444 + 2240 = -4*n + 2*r, 0 = -2*n + 4*r - 886. Let z = h - n. Is z prime?
False
Let i = -1232 - -1865. Let o = i - 426. Suppose 4*k + a - 1512 = 0, -k + 3*a + 184 + o = 0. Is k a prime number?
True
Let c(u) = u**3 + 3*u**2 - u + 7. Let n be c(-3). Suppose -3644 = n*a - 14*a. Is a a prime number?
True
Suppose -2*d = -2*r - 3*r - 8, -r - 7 = -d. Suppose 2*c = p + 4 + d, 2*c = -3*p - 7. Let w(t) = 2*t**3 - 6*t**2 + 4*t - 1. Is w(c) a composite number?
False
Let h = 143 + 106. Let t = h + -38. Is t composite?
False
Let r = 20 - 10. Suppose 1239 = -3*l + r*l. Is l a prime number?
False
Suppose -2*q + 9 = 11, p = -q + 17290. Is p composite?
False
Suppose w = 3*g + 8012, 3*w + 2*w - 40024 = 3*g. Let j = w + -3094. Is j a prime number?
True
Let v be (1 - -3)*(-1)/4*2. Is 3*((-3124)/(-12) - v) a composite number?
False
Let z = 6128 + -2721. Is z composite?
False
Let o be (9/2)/(7/(-14)). Is (-4806)/o + (5 - 1) prime?
False
Suppose 19835 = 5*c - 3*x, -4*c + 3738 = 4*x - 12130. Is c prime?
True
Suppose -11*b + 6882 + 20409 = 0. Is b prime?
False
Suppose 5*m + 40 = 5*t, 0*t - m + 17 = 4*t. Suppose t*v = -523 - 32. Let g = v - -380. Is g a prime number?
True
Suppose -2*m - 2*m = 0, -m = -3*t + 1785. Let q = -1175 + t. Is (-3)/(-9) + q/(-15) prime?
False
Suppose 832 = 2*m - 438. Is m a prime number?
False
Suppose 3*x - 320 = -v + 294, 4*v = 5*x + 2541. Is v prime?
False
Let r be 65 - (1 + -2) - (18 + -15). Let x(u) = -u**3 - 5*u**2 - 4*u + 5. Let l be x(-7). Suppose l = q - r. Is q prime?
False
Suppose -1066 = 2*t + 370. Let s = t + 450. Let w = s - -567. Is w a prime number?
False
Let z(o) = -o**3 + 3*o**2 + o + 1591. Is z(0) a prime number?
False
Let q be 36/(-21) + (-12)/42. Let f(m) be the third derivative of -23*m**6/120 + m**4/6 + m**3/2 - m**2. Is f(q) prime?
True
Suppose -5*c + 2782 = o, 0 = -3*c + 15. Is o a prime number?
False
Suppose 0 = -66*a - 232137 + 731031. Is a prime?
True
Let f be ((-22)/(-8))/(12/240). Suppose -k + 4*a + f = 0, -3*k + k + 110 = -2*a. Is k a prime number?
False
Suppose 18195 = 25*a - 10*a. Is a a composite number?
False
Let k = -5540 - -7795. Let q = 4019 - k. Suppose 4*y + y = s + 2219, -2*s = 4*y - q. Is y a prime number?
True
Suppose 37*q - 98618 = 35*q. Is q composite?
True
Let o(r) = -14*r + 13. Let h(u) = -15*u + 12. Let i(s) = 3*h(s) - 2*o(s). Let q be i(-4). Suppose q = 4*a - 6. Is a composite?
True
Let i be ((-14)/21)/(2/(-9)). Suppose -8*z = -i*z - 765. Let c = z + -86. Is c composite?
False
Suppose q + 3*q = 12. Suppose 0 = -q*m + 8 + 10. Suppose b - y - 237 = 0, -20 = m*y - y. Is b a composite number?
False
Suppose f = 4*f - 63. Suppose o - 5*w - 3 